the prime factors of r.
2, 233
Let c(k) = k**3 - k**2 + 24. Let j be c(0). Suppose -g = -2*h - 16, -5*g + 3*h + 18 + 34 = 0. Suppose q = j + g. What are the prime factors of q?
2
Let y = -106 + 47. Let z be (-1)/((-117)/y + -2). Suppose -4*b + 195 = z. List the prime factors of b.
2, 17
Let c(w) = w**3 + 5*w**2 - 7*w - 3. Let r be c(-6). Suppose 4*u + 2*q + r*q = 47, -u + 5*q = 7. What are the prime factors of u?
2
Suppose 3*k - 4*q - 15 = 0, 2*k + 4*q - 15 = -k. Suppose -k*p + 414 + 46 = 0. Let c = p + -40. List the prime factors of c.
2, 13
Let g(n) be the third derivative of n**4/12 - 4*n**3/3 + 18*n**2. List the prime factors of g(14).
2, 5
Let k(u) be the second derivative of u**5/20 + 3*u**4/4 - 4*u**3/3 + 11*u**2/2 - 2*u. Let a be k(-10). List the prime factors of (-6)/(-8)*a*-4.
3
Let l(y) = y - y**3 - 37*y**2 + 23*y**2 - 2*y + 2*y**3 + 16. List the prime factors of l(14).
2
Let h be -1*(4 - 2) + 7. Suppose d - 5*k = 105, 5*d - h*k + 315 = 920. What are the prime factors of d?
5
Let v = 3 - 3. Suppose -3*b + 136 + 101 = v. Let u = b + -47. What are the prime factors of u?
2
Suppose 5*s - 16 = 4. Suppose -4*j + 7*w + 19 = 4*w, s*j = w + 25. List the prime factors of j.
7
Let a(n) = 7*n**2 + 2*n - 17. Let d be a(5). Suppose 2*t + 0*t - d = -4*x, 0 = -x - 4. What are the prime factors of t?
2, 23
Suppose -11*z + 20*z - 918 = 0. Let w = z + 243. List the prime factors of w.
3, 5, 23
Suppose -2*d + 77*c - 76*c = -57, 0 = -2*d - 2*c + 72. What are the prime factors of d?
31
Let x be ((-2)/4 - 2)*(2 + 0). Let b(m) = -11*m - 23. What are the prime factors of b(x)?
2
Suppose -97 = -5*v + 13. Suppose v*k - 180 = 16*k. What are the prime factors of k?
2, 3, 5
Let d(b) = 9*b**2 + 63*b - 24. List the prime factors of d(-10).
2, 3, 41
Let h = -446 - -857. List the prime factors of h.
3, 137
Let n = 6 + -4. Suppose -4*a + n*a + 6 = 0. Suppose 0 = 2*i - 85 + a. What are the prime factors of i?
41
Suppose -9*a + 22*a = 6240. Suppose -14*o + 11*o + a = 0. What are the prime factors of o?
2, 5
Suppose -c = z + 18, 2*c - 90 = 6*c - 5*z. Let v = c + 18. What are the prime factors of v/(-4) - 245/(-10)?
5
Suppose -4 + 29 = 5*n, 4*n - 10 = 2*j. Suppose -4*o = 3*g - 196, -3*g + j*o + 214 = -0*o. What are the prime factors of g?
2, 17
Suppose 0 = -v - 4*p + 1001, 5*v - 4936 = p + 2*p. What are the prime factors of v?
23, 43
Let r be (-3502)/(-10) + 4/(-20). Suppose 4*x + r = 9*x. List the prime factors of x.
2, 5, 7
Suppose -2201 = -41*s + 4154. What are the prime factors of s?
5, 31
Let m(g) = -4*g + 0*g**2 - 2*g**2 - 2 + 3*g**2 + 1. Let h be m(5). Suppose -j + 0*j = -h. What are the prime factors of j?
2
What are the prime factors of (17676/6 - 3) + -3?
2, 3, 5, 7
Let c(q) = -47*q - 102. What are the prime factors of c(-9)?
3, 107
Suppose -515*s + 518*s - 4365 = 0. List the prime factors of s.
3, 5, 97
Let v(b) = 2*b**2 + 9*b + 14. Let t be v(-15). Suppose 7*p - t = 91. List the prime factors of p.
2, 3, 5
Let c(o) = -3*o + 8. Suppose -4*m + 20 = 68. Let k be c(m). Suppose 0 = 4*v - k - 16. What are the prime factors of v?
3, 5
List the prime factors of (-204)/170 - 24852/(-10).
2, 3, 23
Suppose -4*o = f - 71, -f + o + 47 = -o. What are the prime factors of (-6 - f)/(-1 + -2)*6?
2, 61
Let c = 2978 - 1701. List the prime factors of c.
1277
Let c be (21/(-9))/(2/6). Let n = 30 + c. List the prime factors of n.
23
Suppose q - 36 = 2*c, 3*c = 4*q - 59 - 90. Let f = 70 - q. List the prime factors of f.
2
Suppose 9*q - 20 = 4*q. Let u(d) = 2*d**3 - 4*d**2 - d - 2. List the prime factors of u(q).
2, 29
Let r(z) = 82*z + 350. What are the prime factors of r(15)?
2, 5, 79
Suppose -3*y = 3*q - 1083, 2*y - q - 722 = -0*y. What are the prime factors of y?
19
Let c be (-5 - (-5 - -1))*(1 + -1). Suppose 5*z = 3*h - 67, c = -5*h + 4*z - 3*z + 75. What are the prime factors of h?
2, 7
Let n(v) = 93*v - 1. Let a be n(1). Let c be (6/10)/((-91)/(-5460)). Suppose -2*o + c = -a. List the prime factors of o.
2
Suppose 80 = h + 3*h. Let m be h*(2/(-2) + 4). Suppose 3*n = 3*l - m, -l + 5*n + 7 + 5 = 0. List the prime factors of l.
2, 11
Suppose 5*h = -a - 13, -3*h = -2*a + 11 + 2. Suppose 0 = -v + 4*n + 8, a*v + 4*n - 16 = 2*n. Suppose 4*k = 5*k - v. List the prime factors of k.
2
Let p = 5556 - 3066. List the prime factors of p.
2, 3, 5, 83
Let v(a) = -a**2 + a + 18. Let s be v(15). Let c = s - -272. List the prime factors of c.
2, 5
Suppose 3*j = -0*j + 2*l - 45, 0 = 4*l. Let h = -13 - j. Suppose -h*p + p = -3. What are the prime factors of p?
3
Let d be (26/39)/(2/(-321)). Let c = d + 186. List the prime factors of c.
79
What are the prime factors of 159036/(-406)*(-14)/6?
2, 457
Let x(t) = -5*t**3 - 3*t**2 - 4*t - 1. Let p(j) = 13*j**3 + 10*j**2 + 13*j + 3. Let u(l) = 2*p(l) + 7*x(l). Let r = -3 + 2. What are the prime factors of u(r)?
3
Suppose 0 = -3*f + 5*f - 100. Let p = f - 37. List the prime factors of p.
13
Let w = 97 + -46. Suppose c + 32 = w. What are the prime factors of c?
19
Let i(h) = -10*h**3 - 3*h**2 + 33*h - 12. What are the prime factors of i(-6)?
2, 3, 307
Let u(a) = 66*a**3 - a**2 + 1. Let v be u(-1). Let j = v + 75. List the prime factors of j.
3
Suppose -2*p + 4*d = -d - 2068, -2*p - 4*d + 2068 = 0. List the prime factors of p.
2, 11, 47
Let p(v) = v**2 + 1 + 5 + 15*v + 11 + 2*v. What are the prime factors of p(-21)?
101
Let n(m) = 2*m**3 - 3*m**2 - 4. Let q(j) = -j**3 - j + 1. Let k(f) = 2*n(f) + 6*q(f). What are the prime factors of k(-4)?
2, 3
Suppose 120*o = 125*o - 23425. List the prime factors of o.
5, 937
Let m(x) = 35*x**2 + 17*x - 4. What are the prime factors of m(6)?
2, 7, 97
Suppose -684 = -13*l + 10*l. Suppose l = 5*r - 2*p, 3*r - 2*p - 128 = -3*p. List the prime factors of r.
2, 11
Let w be 1 - (5 - 6 - 1). List the prime factors of 3/w - 219/(6 + -7).
2, 5, 11
Let b = 690 + -437. List the prime factors of b.
11, 23
Let y be -2 + 4/24 + 130/12. Suppose 0 = -2*p + 189 + y. List the prime factors of p.
3, 11
Let b(f) = f**3 + 16*f**2 + 18*f - 27. List the prime factors of b(-13).
2, 3, 41
Suppose -4*z - u = -z - 688, -z = 4*u - 222. What are the prime factors of z?
2, 5, 23
Suppose -12 = -17*h + 21*h. Let t be h/((-3)/(-4)) - -11. Suppose -43 = t*u - 8*u. List the prime factors of u.
43
Let m be 3*4/8*6. Let y(p) = -p**3 + 5*p**2 - p + 5. Let w(v) = -v**2 + v + 1. Let l(h) = -5*w(h) + y(h). What are the prime factors of l(m)?
3
Let o(q) = q + 4. Let w be o(-2). Let m = 71 - w. What are the prime factors of m?
3, 23
Let l = -516 + 918. What are the prime factors of l?
2, 3, 67
Let y(u) = -14*u**2 + u + 2*u**3 + 0*u**2 + 0*u + 24 - u**3. List the prime factors of y(14).
2, 19
Let z(o) = 12*o + 3. Let y(t) = -t**3 + 9*t**2 - 5*t - 3. Let k be y(8). Let c = k - 18. List the prime factors of z(c).
3, 13
Let l(y) = y + 4. Let p(a) = a**3 + 6*a**2 + 5*a. Let j be p(-4). What are the prime factors of l(j)?
2
Let k = -1941 - -3244. What are the prime factors of k?
1303
Suppose 4*d + 8 = 0, -2*d - 142 = -3*z - 6*d. Suppose 13*t - 11*t - z = 0. List the prime factors of t.
5
Let x(s) = 2*s**2 - 7*s + 7. Suppose -5*y + 4 = -1. What are the prime factors of x(y)?
2
Let d(w) = -34*w + 10. Let g(r) = -35*r + 11. Let a(v) = 3*d(v) - 4*g(v). List the prime factors of a(4).
2, 3, 23
Let s(f) = f + 16. Let h be (-20)/(-5) + (-15)/1. Let j be s(h). Suppose j*u - 90 = -35. List the prime factors of u.
11
Let u(o) = -o**2 + 5*o - 1. Let v be u(4). Let r be (-132)/(-18) + (-1)/v. Suppose -r = w - 31. List the prime factors of w.
2, 3
Let p(y) be the second derivative of 1/12*y**4 + 0 + 6*y - y**3 - 10*y**2. What are the prime factors of p(9)?
7
Suppose -6*k - 2 = -14. What are the prime factors of (-151*(-2)/(-4))/(k/(-4))?
151
Suppose -2*m + 347 - 84 = 3*o, -4*o + 5*m + 320 = 0. Let u = 133 - o. Suppose -s - u = -7*s. What are the prime factors of s?
2
Let a(w) = -w**3 + 11*w - w**3 + w**3 - 16*w**2 - 8. List the prime factors of a(-17).
2, 47
Let n be 8/(-20) - (-302)/5. Let u = n - 105. Let c = -7 - u. What are the prime factors of c?
2, 19
What are the prime factors of 2*(3 - (-131)/2)?
137
List the prime factors of (3/12)/((-17)/(-76024)).
2, 13, 43
Let s(w) = 7*w**2 - 5*w - 2. Let d = 15 - 9. Suppose 2*o = 12 - d. What are the prime factors of s(o)?
2, 23
